 are the prime factors of g(r)?
7
Let p(u) = 4*u**2 + 5*u + 11. What are the prime factors of p(5)?
2, 17
Let y = -2 - -3. Suppose 2*a + 10 = 0, m + 2*m - 2*a - 4 = 0. What are the prime factors of 2/y - (-9 - m)?
3
Suppose -9*n = -5*n - 116. Let k = -17 + n. What are the prime factors of k?
2, 3
Let l(f) = -f + 1. Let w be l(3). Let y = w - -3. List the prime factors of (y + (-2)/6)*15.
2, 5
Let z(l) = l + 4. Let a be z(-6). List the prime factors of (-102)/(-4)*a/(-3).
17
Suppose 0 = -4*t + 15*t - 132. List the prime factors of t.
2, 3
Let o = -45 - -103. List the prime factors of o.
2, 29
Let r(v) = -3*v + 2. Let z be r(-7). Let y = z - 16. List the prime factors of y.
7
Let s(i) = 35*i**2 + 4*i + 5. List the prime factors of s(-3).
2, 7, 11
Let r(s) = 4*s**2 + s + 1. Let i be r(-1). Suppose 4*q + i*j = 4, 2*j + 9 = q + j. Suppose 0 = -2*u - 4*t + 54, 0*t - q = -t. What are the prime factors of u?
17
Let r be 6/(-15) + 4/10. Let u(l) = -l**2 - l + 12. Let g be u(r). Let b = g - 0. What are the prime factors of b?
2, 3
What are the prime factors of -507*(5 + 32/(-6))?
13
Let q be -1*(1 - 0 - 1). Suppose -7*h + 8*h - 10 = q. Suppose -3*o = -31 + h. What are the prime factors of o?
7
Let p(n) = -4*n. Let w be p(-1). Let b be ((-186)/9)/(w/6). Let l = -18 - b. What are the prime factors of l?
13
Let m = -509 + 803. What are the prime factors of m?
2, 3, 7
Let g(b) = b**2 - 3*b - 6. Let p = -12 + 18. Let i be (p - 1)*(1 - 0). What are the prime factors of g(i)?
2
Let q be (-2)/7 - 12/7. Let s = q - -4. Suppose s - 57 = -5*k. What are the prime factors of k?
11
Let r(h) = h - 2. Let n be r(-7). Let u = n - -22. What are the prime factors of u?
13
Let s(z) = -z**3 + 4*z**2 + 5*z + 5. Let d be s(5). Suppose 7 = 5*p - d*o - 28, 0 = 3*o + 9. Suppose t + p*t = 65. What are the prime factors of t?
13
Let o be (-9)/(-1) + 0 + -3. Suppose -5*z + 1 = -5*v - 9, v = 2*z - o. What are the prime factors of z?
2
Let p = 25 + -57. Let i = 52 + p. List the prime factors of i.
2, 5
Let r(p) = 15*p - 1. What are the prime factors of r(1)?
2, 7
Suppose 5*g - 2*k - 20 = 0, 4*g + k = 2*g - 1. Let f be -1*g + -18 + 2. What are the prime factors of 1*f*2/(-4)?
3
Suppose -78 + 53 = -q. What are the prime factors of q?
5
Suppose 2 = o - 5. Let i(q) = q**2 - 10*q + 10. Let f be i(o). List the prime factors of (f/3 - -2)*-3.
5
Let i(h) = 2*h**2 + 6*h - 12. What are the prime factors of i(3)?
2, 3
Let u(n) = -n + 1. Let r be u(-2). Suppose 2*t = 5 - r, -2*t + 80 = 3*y. Let x = 42 - y. List the prime factors of x.
2
Let i(f) = -5*f**2 - 2*f - 6. Let k(u) = 11*u**2 + 5*u + 13. Let o(r) = -9*i(r) - 4*k(r). What are the prime factors of o(4)?
2, 5
Suppose 3*u = -5*p + 4*u + 22, -3*u = -3*p + 6. Suppose 0*i - 40 = -3*i + 4*a, 2*i - p*a - 22 = 0. List the prime factors of i.
2
Let d(x) = x**3 - x**2 - x + 3. Let i be d(0). Suppose 10 = -2*j - i*j. Let k(t) = -5*t - 1. List the prime factors of k(j).
3
Let r = 12 - 10. Suppose -j = -r*j + 13. List the prime factors of j.
13
Let y(w) = -w**3 + w**2 + 1. Let a(p) = 3*p**3 + 5*p**2 - p - 11. Let x(h) = -a(h) - 2*y(h). Let g = 4 - 11. List the prime factors of x(g).
2
Let c = -15 - -21. Suppose 3*p = c*p - 15. What are the prime factors of p?
5
Suppose -c + 460 = 3*c. Suppose -y + c = 4*y. What are the prime factors of y?
23
Let f = -18 + 6. Let h(u) = -u**2 - 13*u + 2. What are the prime factors of h(f)?
2, 7
Let g be (-2 - -3)/(7/658). Suppose 4 = x, 5*x - g = -5*k + 46. List the prime factors of k.
2, 3
Suppose -8*l + 4*l - 3*p = -28, -5*p + 32 = 3*l. Let r(y) = 2*y**2 - 7*y + 4. What are the prime factors of r(l)?
2
Let v(g) = -2*g**2 + 8*g + 2. Let m(y) = y**2 - y. Let b(x) = m(x) + v(x). List the prime factors of b(7).
2
Suppose -2*a = -2*h + 14, a = -3*a - 16. List the prime factors of h/((-9)/(-6)) - -5.
7
Let o = -1 + 5. Suppose -4*b - o*a = -308, 0 = 2*b + 4*a - 194 + 34. List the prime factors of b/8 - 3/(-4).
2, 5
Let k(z) = 2*z + 19*z**2 - 2*z**2 - 1 + 0*z. List the prime factors of k(1).
2, 3
Suppose 4*c + 4*t = 396, 5*c - 321 = 2*t + 139. Suppose -16 + c = 3*o. List the prime factors of o.
2, 13
Suppose 0 = 5*j - 5*s - 185, 3*s - 134 = -4*j - 7. List the prime factors of j.
2, 17
Let f(a) = 20*a**3. Let l be f(1). Suppose 3*i = 8*i - l. List the prime factors of i.
2
List the prime factors of 8/(-20)*-5 - -34.
2, 3
Suppose 0 = -12*o + 8*o + 716. List the prime factors of o.
179
What are the prime factors of 3/(-18) + (-770)/(-12)?
2
Let w(t) = 12*t + 3. Let q(p) = p. Let j(f) = 22*q(f) - 2*w(f). Let d be j(-4). Suppose -d*n + 6 = n. List the prime factors of n.
2
What are the prime factors of -23 + 146 + -1 + 0?
2, 61
Suppose -12*w + 10*w + 12 = 0. Let f be -4 - (0/(-1) - 0). Let u = f + w. What are the prime factors of u?
2
Suppose 2*o = 108 - 40. What are the prime factors of o?
2, 17
Suppose -2*l + 35 + 23 = 0. List the prime factors of l.
29
What are the prime factors of -3*(3 + 84/(-9))?
19
Suppose -1 = 2*x - 3*m, -3*x + 5*m = -x + 7. Suppose 14 - 106 = -x*d. What are the prime factors of d?
23
Suppose -h = -5*b - 60, -h = 4*b - 5 + 44. Let d = -2 - b. List the prime factors of d.
3
Let k be 30/4*-2 - -2. Let p = k + 21. Suppose -29 = -3*c - p. List the prime factors of c.
7
Let d be 0 - -2 - -10 - 1. Suppose 2 = w - d. Suppose 0 = -2*j + 13 + w. What are the prime factors of j?
13
Let r(v) = -4*v + 2. Let u(y) = -y. Let g(n) = r(n) - 3*u(n). Let p be (-45)/20 - 15/20. List the prime factors of g(p).
5
Let k(i) = 2*i**3 + i**2 + 3. Let d = 11 + -9. List the prime factors of k(d).
23
List the prime factors of 2/1 - (-1 - 2).
5
Suppose 3*u - t = 549, 0*u + 361 = 2*u + t. Suppose u = 4*z + 2*v - 46, 0 = 4*v + 8. List the prime factors of z.
2, 29
Suppose -2*k - 3*x - 4 = -5*x, 11 = -3*k + 4*x. Let t = 7 - k. List the prime factors of t.
2
Let k(y) = -y**3 + y**2 + 2*y. Let b be k(2). Suppose -4*x + 4*u + 16 = 0, b = 4*x + u - 6*u - 16. Suppose 0 - 24 = -x*f. List the prime factors of f.
2, 3
Let n = -6 - -6. Suppose 5*i = 4*g - 44, 2*i - i = n. What are the prime factors of g?
11
List the prime factors of 2488/24 + (-1)/(-3).
2, 13
Suppose -3*b + 6*c - 11*c + 101 = 0, -2*b - 3*c = -69. What are the prime factors of b?
2, 3, 7
Let d(z) = -5*z + 9. Let c(r) = -6*r + 8. Let u(l) = -4*c(l) + 5*d(l). Let f be u(11). Suppose 0 = s + f, 0 = -4*k + 2*k + s + 34. List the prime factors of k.
2
Let i(p) = p**3 + 8*p**2 - 11*p - 6. Let q be i(-9). Suppose 4*n + q = -0*n, w - 5*n - 21 = 0. Suppose -c + w + 3 = 0. What are the prime factors of c?
3
Let h(g) = g**3 + 7*g**2 + 8. Let i(f) = -f**2 - 7. Let a be i(0). What are the prime factors of h(a)?
2
Let i(w) = -w**2 + 5*w - 4. Let j be i(5). Let l be (-8)/j - 1*-1. Suppose -63 = -l*t - 27. What are the prime factors of t?
2, 3
Let c = -93 + 57. List the prime factors of (c/30)/((-6)/80).
2
Suppose f - 3*j = -14, -4*f - 2*j - 3*j = 22. Suppose -8*n + 1 = -3*n + 4*r, 0 = -2*n + 4*r - 22. What are the prime factors of f/n + (-6)/9?
2
Let l(n) = 24*n + 10. What are the prime factors of l(8)?
2, 101
Let b = -2 + -3. Let h = b - -15. List the prime factors of h.
2, 5
Let j(q) = -q**2 - 6*q - 3. Let b be j(-5). Suppose 73 = 5*h + 4*u, 28 = b*h + 2*u - u. List the prime factors of h.
13
Let v be (6/(-4))/((-2)/4). Let s = v - 3. Suppose 5*t = 4*d + d, -4*t - 4*d + 32 = s. List the prime factors of t.
2
What are the prime factors of 954/15 + (-2)/(-5)?
2
Let x be (0 + -5 - -3)*-6. Let r = 13 + x. List the prime factors of r.
5
Suppose -5*f + i = -419, -f - 2*f + 253 = i. What are the prime factors of f?
2, 3, 7
Let b(u) be the third derivative of u**5/60 - u**4/8 - u**3/2 - u**2. List the prime factors of b(-2).
7
Let b(x) = -26*x + 3. Let i be b(-6). Suppose i = 3*o + 42. What are the prime factors of o?
3, 13
Let v = -5 + 10. Let k(g) = g**3 - 4*g**2 - g - 7. List the prime factors of k(v).
13
Let f(v) = 2*v + 9. Let q be f(10). Suppose -3*b - 67 = -5*x, -x + 5*b + 2 + q = 0. What are the prime factors of x?
11
Suppose -8*h - v - 23 = -3*h, 4*v - 28 = 4*h. Let g(y) be the second derivative of -y**3/2 - 3*y**2/2 - 2*y. List the prime factors of g(h).
2, 3
Suppose -3*j + 15 = k - 3, 0 = 4*j - 12. Suppose 2*s - k = -5*i - 3, -i + s = -4. What are the prime factors of ((-12)/(-21))/(i